uppose -l + k*l = 64. Calculate the remainder when l is divided by 22.
20
Let b = -3 + 7. Suppose b*y + 0*y - 48 = 0. Calculate the remainder when 13/(-39) + (-206)/(-6) is divided by y.
10
Suppose -y = -3*g - 0*g - 17, -4*g - 18 = y. Suppose -c = -0 - y. Suppose -t = -c*t + 37. Calculate the remainder when t is divided by 13.
11
Suppose -2*x + y - 62 = -0*x, -4*x - 114 = 3*y. Let n = 44 + x. Let v = 8 - 4. What is the remainder when n is divided by v?
2
Let n = 7 + -3. Let s = 46 + -8. Suppose -n = -3*u + s. Calculate the remainder when 53 is divided by u.
11
Let j(u) = u**2 + 3*u - 1. Let c be j(-3). Let x = c - -3. Calculate the remainder when 4/(-2) + (x - -2) is divided by 1.
0
Let o = -1 + 3. Suppose 13 + 9 = o*i. What is the remainder when 21 is divided by i?
10
Suppose -g = -2 - 22. Let r be (g/16)/((-2)/(-4)). Suppose 6 - 36 = -r*u. What is the remainder when 27 is divided by u?
7
Calculate the remainder when 57 is divided by 4/(-32) + (-932)/(-32).
28
Let i(n) = n**3 - n**2 - n + 1. Let c(y) = 2*y**3 + 2*y**2 + 5*y - 6. Let f(p) = c(p) + 4*i(p). Let g = 6 - 4. What is the remainder when f(g) is divided by 14?
12
Let g(r) = r**2 + 14*r - 30. What is the remainder when 11 is divided by g(-16)?
1
Suppose -364 = -6*s - s. Calculate the remainder when s is divided by 18.
16
Let i(y) = y - 4. Let d be i(4). Let k(m) = m**2 + 10. Suppose 237 = 5*x + 97. What is the remainder when x is divided by k(d)?
8
Suppose 2*k = -2 - 4. Calculate the remainder when k*(29/(-3) - -3) is divided by 11.
9
Suppose 4*u + 16 = 5*t, -u - 7 = -2*t - 0*t. Let r(b) = b**2 - 12*b + 22. What is the remainder when r(10) is divided by u?
0
Let t(m) = -m + 21. Calculate the remainder when 83 is divided by t(0).
20
Suppose -4*u = 5*b - 22, -24 = -4*u + b - 5*b. What is the remainder when 37 is divided by u?
5
Let w(p) = 4*p - 37. Calculate the remainder when w(12) is divided by 3.
2
Let a(l) = 2*l + 22. What is the remainder when a(9) is divided by 22?
18
Let r be 3 + 3 + 6/(-2). Suppose -5*y = -62 - r. What is the remainder when 37 is divided by y?
11
Let q(r) = -r**2 + 13*r + 23. Calculate the remainder when 206 is divided by q(13).
22
Suppose -298 + 138 = -10*i. Suppose -4*o - 4*t + 136 = 0, 0 = 2*o - o + 3*t - 40. What is the remainder when o is divided by i?
15
Let u(r) = -r**3 - 10*r**2 - 10*r - 9. Let x be u(-9). Let q be 3 + 3 - x/2. Suppose -6 - q = -4*p. What is the remainder when 4 is divided by p?
1
Let q(k) be the third derivative of -7*k**4/24 - 5*k**3/2 + k**2. Let d be q(-10). Suppose -3*v - d = -8*v. Calculate the remainder when v is divided by 3.
2
Let f = 10 + 6. Suppose 0 = 3*u - u - 18. What is the remainder when f is divided by u?
7
Let i = 106 - 95. Calculate the remainder when 31 is divided by i.
9
Suppose -2*n + 124 = -0*n. Let v(l) = -9*l - 2. Let t be v(4). Let p = -17 - t. What is the remainder when n is divided by p?
20
What is the remainder when 95 is divided by 8/((2 - 0) + 7/(-4))?
31
Let f(y) = -y**2 + y + 2. Let x be f(-2). Let i be ((-1)/2)/(x/48). Suppose 0*l - i = -2*l. Calculate the remainder when 7 is divided by l.
1
Suppose 4*r + 332 = g + 88, -4 = r. Suppose 2*j + 4*x - 50 = 94, 2*x - g = -3*j. Suppose -4*a = -6 - j. What is the remainder when a is divided by 12?
9
Suppose 0 = h - 3*h + 2. Let t = h - 0. Suppose 0 = -2*j + 3 + 1. Calculate the remainder when j is divided by t.
0
Let l(v) = 2*v. Let j be ((-14)/(-4))/(5/10). Calculate the remainder when 55 is divided by l(j).
13
Let w = -46 - -66. What is the remainder when 137 is divided by w?
17
Suppose -3*i + 4*i - 5*v - 69 = 0, -v = 5*i - 267. Let t(s) = -10*s - 146. What is the remainder when i is divided by t(-16)?
12
What is the remainder when 14 - 11 - (-51)/1 is divided by 14*(-2 + (-3)/(-1))?
12
Suppose 16 + 7 = t. Calculate the remainder when 89 is divided by t.
20
Let r(d) = 2*d**2 - 3*d + 5. Let b be r(-4). Let c = b + -34. What is the remainder when 43 is divided by c?
13
Suppose 5*u + 8 = u, -u - 7 = -l. Suppose -4*z + l*t + 136 = -0*t, 4*t = 0. Calculate the remainder when 99 is divided by z.
31
Suppose -11 = -4*u + 25. Suppose 43 = 4*y - u. Calculate the remainder when 23 is divided by y.
10
Let c = 9 + -24. Let i = -25 - c. What is the remainder when (i + 0 + -1)*-1 is divided by 6?
5
Let b(z) = 81*z**2 + 2*z - 1. Let l(n) = 56*n. Let o be l(2). Suppose -x + 5*x = o. What is the remainder when b(1) is divided by x?
26
Let t be ((-8)/10)/(6/(-45)). Let i = t - 3. Suppose i*g - 39 = -12. Calculate the remainder when g is divided by 5.
4
Let n = -7 + 7. Suppose 2*r - 41 - 5 = n. Calculate the remainder when r is divided by 12.
11
Let d(b) = 15*b**3 - b. Let f be 2/7 - (-5)/7. Suppose -5*y + 223 = 23. Calculate the remainder when y is divided by d(f).
12
Suppose 0 = -2*h + 5*r + 85, -3*h - r = h - 115. Calculate the remainder when h is divided by 16.
14
Let g = -41 + 91. What is the remainder when g is divided by 13?
11
Let n(b) be the second derivative of -b**5 - b**4/12 + b**3/6 + b**2/2 - 4*b. What is the remainder when n(-1) is divided by 10?
9
Suppose -3*m + m + 16 = 0. Let x(b) = 6*b - 2. Let w = 10 - 6. Calculate the remainder when x(w) is divided by m.
6
Suppose 5*z = -4*t - 1 + 16, 0 = -t + 4*z + 9. Calculate the remainder when 16 is divided by t.
1
Let l(c) = -c + 4. Let a(t) = t**3 - 5*t**2 + 5*t - 4. Let x be a(4). Calculate the remainder when l(x) is divided by 2.
0
What is the remainder when 60 is divided by 28 - 0 - -3*1?
29
Let k(h) = 2*h - 3 - 6*h - 4*h + 0*h. What is the remainder when 2/(-7) - (-254)/7 is divided by k(-2)?
10
Suppose n + y + 17 - 44 = 0, 3*y + 87 = 3*n. Suppose -o = -0*o - 6. Calculate the remainder when n is divided by o.
4
Let o = -24 - -49. What is the remainder when o is divided by (-2)/4 - 108/(-8)?
12
Let t(n) = -n - 2. Let b be t(-5). Suppose -k = b*k - 4. What is the remainder when k is divided by (-1)/(1 + -3 + 1)?
0
Suppose -2*f + 2*y + 50 = 5*y, 2*y = -3*f + 65. Let g(o) = o**3 + 5*o**2 + o - 4. Calculate the remainder when f is divided by g(-3).
8
Suppose t = 5*d - 2 - 7, -2*t - 5*d + 42 = 0. Suppose i - 134 = -4*j + 3*i, -3*j + 68 = 5*i. What is the remainder when j is divided by t?
9
Suppose 0 = 8*y + 8 - 128. Let g be (2 + (-2 - -1))*-2. What is the remainder when (-1 - g - -44) + -1 is divided by y?
14
Let v(u) = u**2 + 4*u. Let y be v(-4). Suppose y*p = 2*p - 32. Let d = -32 + 38. Calculate the remainder when p is divided by d.
4
Suppose 86 + 222 = 14*r. Calculate the remainder when 43 is divided by r.
21
Suppose -4*z - 2 + 22 = 0. Suppose -5*a + 58 + 40 = -q, -z*a + 101 = -2*q. What is the remainder when a is divided by 7?
5
Suppose -4*z + 16 = -2*z. Let r be 12/10 - (-3)/(-15). Calculate the remainder when 2 + (r - 1) + 11 is divided by z.
5
Let z be (25/3 + 0)*3. Let a = 62 - z. Calculate the remainder when a + (-1)/(-1) + 3 is divided by 14.
13
Let s = -15 + 20. Suppose 0 = -5*f + 3 - 13. Let m(b) = -5*b - 1. What is the remainder when m(f) is divided by s?
4
Suppose 0 = -4*j + 16, -3*i - 3*j + 42 = -0*i. What is the remainder when 29 is divided by i?
9
Let k(r) = -7*r + 1. Suppose 4*d - 215 = -d. What is the remainder when d is divided by k(-2)?
13
Let d(n) = -n**2 - 7*n - 7. Let v be d(-5). Suppose 0 = 8*x - v*x - 75. What is the remainder when x is divided by 4?
3
Let v be -5 - (1 - 1)/(-2). What is the remainder when v/((-5)/38) - -2 is divided by 14?
12
Suppose -2*g - 42 = -4*v, g + 39 = 3*v + 2*g. Suppose 3*d - 12 = v. What is the remainder when 21 is divided by d?
5
Calculate the remainder when 878/8 + 2/8 is divided by 37.
36
Let s = 26 + -21. What is the remainder when 8 is divided by s?
3
Let m be (6/(-6))/(1/(-19)). Let n = 33 - m. What is the remainder when 54 is divided by n?
12
Let v = -151 - -213. Calculate the remainder when v is divided by 16.
14
Let p = 9 - 5. Calculate the remainder when 11 is divided by p.
3
Let i = -225 - -331. What is the remainder when i is divided by 27?
25
Suppose 83 = 4*g - 13. Suppose -4*j + 4 = -4. What is the remainder when g is divided by j/(-4)*(-27 + 1)?
11
Let d = -81 + 94. Calculate the remainder when 77 is divided by d.
12
Let t(l) = -2*l**2 + 3*l - 1. Let k(o) = o. Let y(n) = k(n) - t(n). Calculate the remainder when 8 is divided by y(2).
3
Let p(n) = n